{"id":46,"date":"2026-01-26T08:25:50","date_gmt":"2026-01-26T08:25:50","guid":{"rendered":"https:\/\/neulojat.fi\/?page_id=46"},"modified":"2026-01-26T08:25:50","modified_gmt":"2026-01-26T08:25:50","slug":"meista","status":"publish","type":"page","link":"https:\/\/neulojat.fi\/?page_id=46","title":{"rendered":"Meist\u00e4"},"content":{"rendered":"\n<figure class=\"wp-block-image size-full\"><img loading=\"lazy\" decoding=\"async\" width=\"800\" height=\"800\" src=\"https:\/\/neulojat.fi\/wp-content\/uploads\/2026\/01\/image.jpeg\" alt=\"\" class=\"wp-image-47\" srcset=\"https:\/\/neulojat.fi\/wp-content\/uploads\/2026\/01\/image.jpeg 800w, https:\/\/neulojat.fi\/wp-content\/uploads\/2026\/01\/image-300x300.jpeg 300w, https:\/\/neulojat.fi\/wp-content\/uploads\/2026\/01\/image-150x150.jpeg 150w, https:\/\/neulojat.fi\/wp-content\/uploads\/2026\/01\/image-768x768.jpeg 768w\" sizes=\"auto, (max-width: 800px) 100vw, 800px\" \/><figcaption class=\"wp-element-caption\">Neulojat ry hallitus toimikaudella 2025. Kuvassa vasemmalta oikealle Emmi, Hanna, Kati, Riikka, Kaisla ja Pia.<\/figcaption><\/figure>\n\n\n\n<h2 class=\"wp-block-heading\"><br>Neulojilta neulojille<br><\/h2>\n\n\n\n<p>Neulojat ry on helsinkil\u00e4inen harrastusyhdistys, joka perustettiin kes\u00e4ll\u00e4 2022.<\/p>\n\n\n\n<p>Neulojat ry:n tarkoitus on edist\u00e4\u00e4 ja tukea monimuotoisen ja yhteis\u00f6llisen neulekulttuurin kehityst\u00e4 p\u00e4\u00e4kaupunkiseudulla erityisesti tapahtumatoiminnan keinoin.&nbsp;<\/p>\n\n\n\n<p>J\u00e4rjest\u00e4mme vuosittain kymmeni\u00e4 eri kokoisia tapahtumia, jotka tavoittavat eri kohderyhmi\u00e4.<\/p>\n\n\n\n<p>Jatkuva toimintamme sis\u00e4lt\u00e4\u00e4 muun muassa neulemiitit ja neulovan kirjapiirin, jotka kokoontuvat noin kerran kuukaudessa. Vuodenaikoihin sidoksissa oleva neulojien nuotiopiiri sis\u00e4lt\u00e4\u00e4 ohjattuja neuleretki\u00e4 luonnon keskelle ja erilaiset puistoneulonnat toteutuvat kes\u00e4kaudella s\u00e4\u00e4n salliessa.<\/p>\n\n\n\n<p>N\u00e4iden pienempien tapaamisten ja tapahtumien lis\u00e4ksi suunnittelemme toimintaa eri neulomisen teemap\u00e4ivien ymp\u00e4rille pitkin vuotta, j\u00e4rjest\u00e4mme neuleleirej\u00e4 ja muita laajemman k\u00e4vij\u00e4kunnan tapahtumia.\u00a0<br><\/p>\n\n\n\n<h2 class=\"wp-block-heading\">Neuletapahtumia, joissa viihdyt\u00e4\u00e4n.<\/h2>\n\n\n\n<p>Yhdistyksen taustavoimina toimii joukko tavallisia neulojia, joille on yhteist\u00e4 halu el\u00e4v\u00f6itt\u00e4\u00e4 oman kotiseudun harrastuskentt\u00e4\u00e4 ja luoda yhteyksi\u00e4 kivojen neuleihmisten kanssa. Toimintamme pohjaa yhteis\u00f6llisyyteen ja yhdess\u00e4 tekemiseen. Haluamme osallistaa tapahtumillamme paitsi neuleaktiiveja, my\u00f6s satunnaisia harrastajia.<\/p>\n\n\n\n<p>Haluamme luoda aidosti mukaan tervetulleeksi toivottavia tiloja ja panostamme erityisesti pienempien henkil\u00f6m\u00e4\u00e4rien tapaamisissamme siihen, ett\u00e4 ket\u00e4\u00e4n ei j\u00e4tet\u00e4 ryhm\u00e4n ulkopuolelle tai yksin. Meit\u00e4 syk\u00e4hdytt\u00e4\u00e4 kuulla k\u00e4vij\u00f6iden viihtyneen ja ilahduttaa n\u00e4hd\u00e4 tuttuja kasvoja miiteiss\u00e4!&nbsp;<\/p>\n\n\n\n<p>Toimintamme ydinarvoja ovat saavutettavuus, yhteis\u00f6llisuus, inklusiivisuus ja ekologisuus. K\u00e4yt\u00e4nn\u00f6ss\u00e4 ne n\u00e4kyv\u00e4t vaikka tapahtumatilojen valintaperusteissa, yhdistyksen viestinn\u00e4ss\u00e4 ja esimerkiksi siin\u00e4, kuinka istumme yhdess\u00e4 laajennettavana keh\u00e4n\u00e4, jotta kaikki neuletapaamiseen tulleet otetaan vaivattomasti mukaan.<br><\/p>\n\n\n\n<h2 class=\"wp-block-heading\">Neuletapahtumia meille kaikille.<\/h2>\n\n\n\n<p>Yhdistyksen toiminta on voittoa tavoittelematonta ja mahdolliset tuotot k\u00e4ytet\u00e4\u00e4n toiminnan kehitt\u00e4miseen ja tapahtumien j\u00e4rjest\u00e4miseen.<br>L\u00e4hes kaikki toimintamme on osallistujille maksutonta ja ei edellyt\u00e4 yhdistyksen j\u00e4senyytt\u00e4. Isompien, yksitt\u00e4isten tapahtumien kohdalla p\u00e4\u00e4t\u00e4mme tapahtumakohtaisesti mahdollisista k\u00e4vij\u00e4- tai osallistumismaksuista, mik\u00e4li tapahtuman toteutuminen sit\u00e4 edellytt\u00e4\u00e4.<\/p>\n\n\n\n<p>Neulojat ry perustettiin vastaamaan tarpeeseen toteuttaa neuleyhteis\u00f6\u00e4 innostavaa toimintaa, jota yhdistyksen perustamisen aikaan p\u00e4\u00e4kaupunkiseudulla ei juurikaan ollut. Yhdistyksemme toiminta on kasvanut maltillisesti ja kest\u00e4v\u00e4ll\u00e4 tavalla, mutta uusia toimintamalleja ja toiminnan muotoja rohkeasti kokeillen.<\/p>\n\n\n\n<p>Tavoitteenamme on nyt ja aina: innostavia neuletapahtumia neulojilta neulojille.<\/p>\n","protected":false},"excerpt":{"rendered":"<p>Neulojilta neulojille Neulojat ry on helsinkil\u00e4inen harrastusyhdistys, joka perustettiin kes\u00e4ll\u00e4 2022. Neulojat ry:n tarkoitus on edist\u00e4\u00e4 ja tukea monimuotoisen ja yhteis\u00f6llisen neulekulttuurin kehityst\u00e4 p\u00e4\u00e4kaupunkiseudulla erityisesti tapahtumatoiminnan keinoin.&nbsp; J\u00e4rjest\u00e4mme vuosittain kymmeni\u00e4 eri kokoisia tapahtumia, jotka tavoittavat eri kohderyhmi\u00e4. Jatkuva toimintamme sis\u00e4lt\u00e4\u00e4 muun muassa neulemiitit ja neulovan kirjapiirin, jotka kokoontuvat noin kerran kuukaudessa. Vuodenaikoihin sidoksissa oleva neulojien [&hellip;]<\/p>\n","protected":false},"author":2,"featured_media":0,"parent":0,"menu_order":0,"comment_status":"closed","ping_status":"closed","template":"","meta":{"footnotes":""},"class_list":["post-46","page","type-page","status-publish","hentry"],"_links":{"self":[{"href":"https:\/\/neulojat.fi\/index.php?rest_route=\/wp\/v2\/pages\/46","targetHints":{"allow":["GET"]}}],"collection":[{"href":"https:\/\/neulojat.fi\/index.php?rest_route=\/wp\/v2\/pages"}],"about":[{"href":"https:\/\/neulojat.fi\/index.php?rest_route=\/wp\/v2\/types\/page"}],"author":[{"embeddable":true,"href":"https:\/\/neulojat.fi\/index.php?rest_route=\/wp\/v2\/users\/2"}],"replies":[{"embeddable":true,"href":"https:\/\/neulojat.fi\/index.php?rest_route=%2Fwp%2Fv2%2Fcomments&post=46"}],"version-history":[{"count":1,"href":"https:\/\/neulojat.fi\/index.php?rest_route=\/wp\/v2\/pages\/46\/revisions"}],"predecessor-version":[{"id":48,"href":"https:\/\/neulojat.fi\/index.php?rest_route=\/wp\/v2\/pages\/46\/revisions\/48"}],"wp:attachment":[{"href":"https:\/\/neulojat.fi\/index.php?rest_route=%2Fwp%2Fv2%2Fmedia&parent=46"}],"curies":[{"name":"wp","href":"https:\/\/api.w.org\/{rel}","templated":true}]}}