{"id":52,"date":"2026-01-26T09:30:52","date_gmt":"2026-01-26T09:30:52","guid":{"rendered":"https:\/\/neulojat.fi\/?page_id=52"},"modified":"2026-01-26T09:30:52","modified_gmt":"2026-01-26T09:30:52","slug":"jasenhakemuslomake","status":"publish","type":"page","link":"https:\/\/neulojat.fi\/?page_id=52","title":{"rendered":"J\u00e4senhakemus"},"content":{"rendered":"\n<p><br><strong>J\u00e4senhakemuslomakkeemme julkaistaan mahdollisimman pian<\/strong>!<br><br>Voit sill\u00e4 v\u00e4lin hakea yhdistyksen j\u00e4senyytt\u00e4 t\u00e4ytt\u00e4m\u00e4ll\u00e4 paperisen lomakkeen tai l\u00e4hett\u00e4m\u00e4ll\u00e4 hakemuksesi s\u00e4hk\u00f6postitse.<\/p>\n\n\n\n<p>Mik\u00e4li haluat liitty\u00e4 Neulojat ry:n j\u00e4seneksi, tutustu <a href=\"https:\/\/neulojat.fi\/?page_id=49\" data-type=\"page\" data-id=\"49\">yhdistyksen s\u00e4\u00e4nt\u00f6ihin<\/a>, kirjoita vapaamuotoinen j\u00e4senhakemus ja l\u00e4het\u00e4 se meille s\u00e4hk\u00f6postitse osoitteeseen neulojat at neulojat.fi.<\/p>\n\n\n\n<p>Hakemuksessa on oltava seuraavat tiedot:<\/p>\n\n\n\n<ul class=\"wp-block-list\">\n<li>Etu- ja sukunimi<\/li>\n\n\n\n<li>Kotipaikka<\/li>\n\n\n\n<li>s\u00e4hk\u00f6postiosoite<\/li>\n<\/ul>\n\n\n\n<p>K\u00e4sittelemme hallituksen kokouksissa mahdolliset uudet j\u00e4senhakemukset ja l\u00e4het\u00e4mme tiedon hyv\u00e4ksytyst\u00e4 j\u00e4senyydest\u00e4 hakemuksessa ilmoitettuun s\u00e4hk\u00f6postiosoitteeseen.<\/p>\n\n\n\n<p>J\u00e4senille l\u00e4hetet\u00e4\u00e4n s\u00e4hk\u00f6postitse kutsut kev\u00e4t- ja syyskokoukseen, j\u00e4sentiedotteet ja sen lis\u00e4ksi tiedotamme mahdollisista tulevista j\u00e4seneduista tapahtumakohtaisesti. N\u00e4iden lis\u00e4ksi voit halutessasi tilata yhdistyksen uutiskirjeen.<\/p>\n","protected":false},"excerpt":{"rendered":"<p>J\u00e4senhakemuslomakkeemme julkaistaan mahdollisimman pian! Voit sill\u00e4 v\u00e4lin hakea yhdistyksen j\u00e4senyytt\u00e4 t\u00e4ytt\u00e4m\u00e4ll\u00e4 paperisen lomakkeen tai l\u00e4hett\u00e4m\u00e4ll\u00e4 hakemuksesi s\u00e4hk\u00f6postitse. Mik\u00e4li haluat liitty\u00e4 Neulojat ry:n j\u00e4seneksi, tutustu yhdistyksen s\u00e4\u00e4nt\u00f6ihin, kirjoita vapaamuotoinen j\u00e4senhakemus ja l\u00e4het\u00e4 se meille s\u00e4hk\u00f6postitse osoitteeseen neulojat at neulojat.fi. Hakemuksessa on oltava seuraavat tiedot: K\u00e4sittelemme hallituksen kokouksissa mahdolliset uudet j\u00e4senhakemukset ja l\u00e4het\u00e4mme tiedon hyv\u00e4ksytyst\u00e4 j\u00e4senyydest\u00e4 hakemuksessa [&hellip;]<\/p>\n","protected":false},"author":2,"featured_media":60,"parent":0,"menu_order":0,"comment_status":"closed","ping_status":"closed","template":"","meta":{"footnotes":""},"class_list":["post-52","page","type-page","status-publish","has-post-thumbnail","hentry"],"_links":{"self":[{"href":"https:\/\/neulojat.fi\/index.php?rest_route=\/wp\/v2\/pages\/52","targetHints":{"allow":["GET"]}}],"collection":[{"href":"https:\/\/neulojat.fi\/index.php?rest_route=\/wp\/v2\/pages"}],"about":[{"href":"https:\/\/neulojat.fi\/index.php?rest_route=\/wp\/v2\/types\/page"}],"author":[{"embeddable":true,"href":"https:\/\/neulojat.fi\/index.php?rest_route=\/wp\/v2\/users\/2"}],"replies":[{"embeddable":true,"href":"https:\/\/neulojat.fi\/index.php?rest_route=%2Fwp%2Fv2%2Fcomments&post=52"}],"version-history":[{"count":2,"href":"https:\/\/neulojat.fi\/index.php?rest_route=\/wp\/v2\/pages\/52\/revisions"}],"predecessor-version":[{"id":71,"href":"https:\/\/neulojat.fi\/index.php?rest_route=\/wp\/v2\/pages\/52\/revisions\/71"}],"wp:featuredmedia":[{"embeddable":true,"href":"https:\/\/neulojat.fi\/index.php?rest_route=\/wp\/v2\/media\/60"}],"wp:attachment":[{"href":"https:\/\/neulojat.fi\/index.php?rest_route=%2Fwp%2Fv2%2Fmedia&parent=52"}],"curies":[{"name":"wp","href":"https:\/\/api.w.org\/{rel}","templated":true}]}}