{"id":86,"date":"2026-01-26T14:29:47","date_gmt":"2026-01-26T14:29:47","guid":{"rendered":"https:\/\/neulojat.fi\/?page_id=86"},"modified":"2026-01-26T14:29:47","modified_gmt":"2026-01-26T14:29:47","slug":"yhteystiedot","status":"publish","type":"page","link":"https:\/\/neulojat.fi\/?page_id=86","title":{"rendered":"Yhteystiedot"},"content":{"rendered":"\n<p>L\u00e4het\u00e4 s\u00e4hk\u00f6postia osoitteeseen: <strong>neulojat @ neulojat.fi\u00a0<\/strong><\/p>\n\n\n\n<h4 class=\"wp-block-heading\">Neulojat ry<\/h4>\n\n\n\n<p>Y-tunnus: 3293722-8<br>Kotipaikka: Helsinki\u00a0<br>Osoite: Trillakatu 4 A 8 02610 Espoo <\/p>\n","protected":false},"excerpt":{"rendered":"<p>L\u00e4het\u00e4 s\u00e4hk\u00f6postia osoitteeseen: neulojat @ neulojat.fi\u00a0 Neulojat ry Y-tunnus: 3293722-8Kotipaikka: Helsinki\u00a0Osoite: Trillakatu 4 A 8 02610 Espoo<\/p>\n","protected":false},"author":2,"featured_media":0,"parent":0,"menu_order":0,"comment_status":"closed","ping_status":"closed","template":"","meta":{"footnotes":""},"class_list":["post-86","page","type-page","status-publish","hentry"],"_links":{"self":[{"href":"https:\/\/neulojat.fi\/index.php?rest_route=\/wp\/v2\/pages\/86","targetHints":{"allow":["GET"]}}],"collection":[{"href":"https:\/\/neulojat.fi\/index.php?rest_route=\/wp\/v2\/pages"}],"about":[{"href":"https:\/\/neulojat.fi\/index.php?rest_route=\/wp\/v2\/types\/page"}],"author":[{"embeddable":true,"href":"https:\/\/neulojat.fi\/index.php?rest_route=\/wp\/v2\/users\/2"}],"replies":[{"embeddable":true,"href":"https:\/\/neulojat.fi\/index.php?rest_route=%2Fwp%2Fv2%2Fcomments&post=86"}],"version-history":[{"count":1,"href":"https:\/\/neulojat.fi\/index.php?rest_route=\/wp\/v2\/pages\/86\/revisions"}],"predecessor-version":[{"id":87,"href":"https:\/\/neulojat.fi\/index.php?rest_route=\/wp\/v2\/pages\/86\/revisions\/87"}],"wp:attachment":[{"href":"https:\/\/neulojat.fi\/index.php?rest_route=%2Fwp%2Fv2%2Fmedia&parent=86"}],"curies":[{"name":"wp","href":"https:\/\/api.w.org\/{rel}","templated":true}]}}